te the remainder when u(m) is divided by 7.
3
Let z be (3 - 1 - -3) + 164. Let k = 292 - z. Let i = k + -103. What is the remainder when i is divided by 6?
2
Let i(c) = 27*c + 28. Let a be i(-14). Calculate the remainder when (-6)/(-12) - a/4 is divided by 18.
16
Let t = 18049 + -15054. Calculate the remainder when 5990 is divided by t.
0
Let u(a) = -203*a + 4226. Let c be u(22). Suppose -1204 = 3*n + w, 0*n - w = n + 402. Let i = c - n. What is the remainder when i is divided by 54?
53
Calculate the remainder when 6185 is divided by -8 - (-946)/121 - 10020/(-55).
179
Suppose 4*o + l = 858, 47*o = 42*o - 5*l + 1095. Calculate the remainder when o is divided by 10.
3
Let j(k) = -k**3 - 5*k**2 + 17*k + 21. Let t be j(-7). Suppose -14*g - 23*g + 740 = t. Calculate the remainder when 71 is divided by g.
11
Let c(x) = x**3 + 12*x**2 + 69*x + 651. Calculate the remainder when 363 is divided by c(-11).
12
Let m(h) = -h**3 + 5*h**2 + 4*h + 5. Let w be m(4). Let c(l) = -5*l + 201. What is the remainder when 93 is divided by c(w)?
13
Let g be (-17)/(-3) - (-12)/(-18). Suppose -5*z - 14 = -2*l, 8 = l - 145*z + 143*z. Calculate the remainder when (-716)/(-10) + (-3)/g is divided by l.
11
Let l = -26563 - -29920. What is the remainder when l is divided by 49?
25
Let z be (1 - 2)*(-13)/(91/14). Suppose z*l = 227 - 151. Calculate the remainder when l is divided by 11.
5
Let f = -1555 - -1600. What is the remainder when 1707 is divided by f?
42
What is the remainder when 2733 is divided by 5/(-5)*-10 - -28?
35
Suppose -169*m + 12983 + 42952 = 3545. What is the remainder when 999 is divided by m?
69
Let w = -52 + 93. Let s(m) = -47*m - 76. What is the remainder when w is divided by s(-2)?
5
Let w = 14 + 137. Suppose 11 = 9*p - 25. Suppose p*d = 4, 3*t - 22 = 2*d + 90. What is the remainder when w is divided by t?
37
Suppose 4*k = -3*h + 119, -142 = -5*k + h + 2*h. Let a(x) = 2*x**3 + 11*x**2 - 61*x - 328. Calculate the remainder when k is divided by a(-6).
1
Let d(p) = -389*p**2 - p. Let m be d(1). Let c = 429 + m. Calculate the remainder when c is divided by 21.
18
Suppose 4*f + 1 = 5. Let b = f + 9. Let j = 19936 + -19899. Calculate the remainder when j is divided by b.
7
Let p(z) = 25 + 29 - 8 + 7*z. Calculate the remainder when 11 is divided by p(-6).
3
Suppose 0 = -3*d + 6*d - 9, -1749 = -3*l + d. Calculate the remainder when l is divided by 103.
69
What is the remainder when 1608 is divided by (-12 + (-7)/(-1))*(-10 + -1)?
13
Let c(m) = -25*m - 73. Suppose -2*r - 2*y - 8 = 0, -3*y + 11 + 1 = -r. What is the remainder when c(r) is divided by 36?
5
Calculate the remainder when 4421 is divided by (8/(-6))/(22/(-1716)*13).
5
Suppose 3*p + 495 = -3*k + p, -2*k + 3*p - 330 = 0. Let o = k - -187. Calculate the remainder when o is divided by 4.
2
Suppose 0 = -70*o + 188 + 442. Suppose u - 3*j - j = -o, 5*j = -2*u + 47. Suppose 0 = 3*w + 3 - 21. Calculate the remainder when u is divided by w.
5
Suppose -46 = 6*n - 202. Let q be (2 + 8)*1/(5/86). Suppose q + 134 = 6*y. What is the remainder when y is divided by n?
25
Let z(h) = -h**2 - 14*h + 549. Calculate the remainder when 4787 is divided by z(15).
113
Let p(g) = -6*g**3 - 9*g**2 + 8*g + 14. What is the remainder when p(-3) is divided by 7 - (-2 - -1 - -4)?
3
Let l be -15*(-1 - -6)*-3. Suppose 27*x - 85 = -31. Suppose 5*b + 4*f = l, 6*f - 61 = -b + x*f. Calculate the remainder when b is divided by 14.
13
Let t = -197694 + 197825. What is the remainder when t is divided by (-6)/(-2)*25/3?
6
Suppose -3*t + 9*i = 7*i + 100, -2*t - 2*i - 60 = 0. Let n = t - -319. What is the remainder when n is divided by 68?
15
Let a = -423 - -338. Calculate the remainder when ((-17)/a)/((-3)/(-1845)) is divided by 11.
2
Let x = 221 + -109. Suppose -1647*o + 58914 = -5319. Calculate the remainder when x is divided by o.
34
Let j = -9260 + 9301. Calculate the remainder when 3194 is divided by j.
37
Suppose -q + h + 54 = 0, -3*q + 4*h - 5*h = -178. What is the remainder when 106 is divided by q?
48
Let v(o) = -2*o + 3. Let t be 258/33 + (-4)/(-22). Suppose -13 = t*b + 5*b. What is the remainder when 8 is divided by v(b)?
3
Suppose -6*j + 1550 = -2*d, 18*j - 21*j = -4*d - 778. What is the remainder when j is divided by 145?
113
Let d = -9547 + 9575. What is the remainder when 140 is divided by d?
0
Let j(h) = -h**3 - 2*h**2 + 9*h + 8. Let f be j(-6). Suppose -3*r + 876 = 4*x, r + f = x - 121. Calculate the remainder when x is divided by 37.
34
Suppose 9485 = 81*t + 3653. Calculate the remainder when 441 is divided by t.
9
Suppose -65*r = -62*r + 327. Let c = -196 - r. Let p = 1 - c. Calculate the remainder when p is divided by 18.
16
Let x(u) = 2*u + 18. Let o be x(-8). Suppose -4*p = -o*z - 108, 4*p = 2*p - 4*z + 64. Suppose -4*h = -11*h + 105. What is the remainder when p is divided by h?
13
Let g(f) = -8*f - 22. Let q be g(-12). Let c = 84 - q. Calculate the remainder when 38 is divided by c.
8
Let d = -4015 - -4205. Let k(r) = -r**3 + 7*r**2 - 5*r - 3. What is the remainder when d is divided by k(4)?
15
Let o(s) = -s**3 + 6*s**2 + 30*s + 13. Calculate the remainder when 46 is divided by o(9).
6
Suppose -21 + 16 = 5*v. Calculate the remainder when v + (297 - (3 + -1)) + 3 is divided by 50.
47
Let v = 1038 - 963. What is the remainder when 129 is divided by v?
54
Suppose 0 = 5*o - 2*o - 162. Let z = -634 - -678. Let a = o - z. Calculate the remainder when 35 is divided by a.
5
Suppose 22241 = 209*s - 30998 + 8513. Calculate the remainder when s is divided by 33.
16
Suppose 161443 = 17*j - 125704. Calculate the remainder when j is divided by 32.
27
Let a = -117 - -228. Calculate the remainder when a is divided by 6/4*2926/231.
16
Calculate the remainder when 95 is divided by (-240)/(-330)*(-627)/(-6).
19
Let j(i) = -176*i - 786. Calculate the remainder when j(-17) is divided by 23.
21
Suppose 172 = 9*a - 368. Suppose 2*l - 5 = l, 0 = 3*n - 3*l - a. Calculate the remainder when 68 is divided by n.
18
Let v(j) = -15*j - 2. Calculate the remainder when (-2)/6 - 15*1309/(-153) is divided by v(-3).
42
What is the remainder when 32/144 - (-6)/(-2)*(-3450)/81 is divided by 22?
18
Suppose -140*k = -14481 - 21639. What is the remainder when k is divided by 124?
10
Calculate the remainder when (19/(-2))/(10 + 8073/(-806)) is divided by 188.
25
Let i(q) = -230*q - 2356. Calculate the remainder when i(-26) is divided by 15.
9
Suppose 3 = -3*l, 162 = 2*g - 0*g - 4*l. Suppose 549 = 9*v + 504. Calculate the remainder when g is divided by v.
4
Suppose p + 51 = -2*s + 4*p, -5*s + 2*p = 122. Let o(i) = i**2 + 21*i - 39. What is the remainder when o(s) is divided by 12?
9
Let m(w) = w**2 + 3. Let v be m(-2). Let t(j) = 5*j + 14. What is the remainder when t(v) is divided by 13 - (-3)/12*0?
10
Let h be 5*16/(-30)*-6. Let t = -27 + 30. Suppose 11 = t*v - h. Calculate the remainder when 26 is divided by v.
8
Suppose -47*h + 39976 = -9*h. Calculate the remainder when h is divided by 176.
172
Suppose -113 = -5*c - 88. Suppose -8*n = -5*k - 11*n + 53, 0 = c*k - 3*n - 47. What is the remainder when 25 + (1 - 0)*2 is divided by k?
7
Let z = -18 - -55. Suppose 2*o - 438 = -2*a, -40*o + 2 = -41*o. What is the remainder when a is divided by z?
36
Suppose -g + 25 = -3*v - 8, -4*g - v = -184. Calculate the remainder when (102/(-4))/(g/(-120)) is divided by 35.
33
Let n(p) be the first derivative of p**3 - 5*p**2/2 - 21*p + 26. Calculate the remainder when n(-6) is divided by 40.
37
Let c be (-8)/(-7)*21/6. Suppose c*d = -7*d + 143. What is the remainder when 47 is divided by d?
8
What is the remainder when 4651 is divided by (855/(-60))/((-3)/4*(-3)/(-15))?
91
Let v(t) = 11*t - 2. Let u(h) = 4*h - 1. Let g be 1/((-2 - -1)*(-4)/(-68)). Let i(k) = g*u(k) + 6*v(k). What is the remainder when 6 is divided by i(1)?
0
Let b(y) = -237*y - 2007. What is the remainder when b(-9) is divided by 44?
38
Let b(w) = 222*w + 271. Let n be b(5). Let c = n + -1337. What is the remainder when c is divided by 36/(-10)*20/(-6)?
8
Suppose -304*s + 290*s + 1288 = 0. What is the remainder when (366/4)/1*(2 + 0) is divided by s?
91
Suppose 10*h - 100*h + 12053 = -7657. Calculate the remainder when 14232 is divided by h.
216
What is the remainder when (652/8)/(7/294*1) is divided by 8